pose 241 = 2*f - 5*g, 2*f - 7*f + g + 591 = v. What is the hundreds digit of f?
1
Let i = 3217 + -1791. Suppose -22*s + 708 = -i. What is the units digit of s?
7
Let v(t) = -2*t**3 + 48*t**2 + 55*t - 73. What is the tens digit of v(23)?
5
Let c(h) = -44*h + 99. What is the tens digit of c(-5)?
1
Suppose -2*b + 68 = -10. Let v = b + -37. Suppose 3*r = v*p - 65, 2*r = -3*p - 2*r + 72. What is the units digit of p?
8
Let v be -3*1 - (7 + -11). Let t be (0 + -1 + v)*-1. Suppose 86 = 2*j + 5*s, j - 4*s = -t*j + 56. What is the units digit of j?
8
Let b(y) = y**2 + 7*y + 8. Let s be b(-6). Suppose -v - s*v = -102. Suppose -3*a = -5*a + v. What is the tens digit of a?
1
Let u(z) = 2*z**2 + 23*z + 18. Let j be u(-12). Suppose b - j = -10. What is the units digit of b?
0
Suppose 7 = 2*q - 13. Let b be (12/q)/(4/10). Suppose -4*r - 38 = -2*s, -2*s = 7*r - b*r - 38. What is the tens digit of s?
1
Suppose -3*r - r + 3793 = 5*w, 2*w - 4*r - 1506 = 0. What is the units digit of w?
7
Suppose -5*v + 0*v + 10 = 0. Suppose 0*y + v*c + 145 = 3*y, -2*c - 10 = 0. Let t = y + -25. What is the tens digit of t?
2
Suppose -4*v = -53 - 39. Let u = v - 15. Suppose -4*q - 8 = -u*q. What is the units digit of q?
2
Suppose 1376 = -13*b + 5*b. Let w = -81 - b. What is the units digit of w?
1
Let y be 10/(5/((-105)/(-6))). Suppose -3*k - 36 - y = -d, 295 = 5*d + 5*k. What is the tens digit of d?
6
Suppose -x = 20 - 5. Let s be (5/(-3))/(x/45). Let p(k) = k**3 - 3*k**2 - 4*k. What is the tens digit of p(s)?
3
Suppose -1 + 7 = 3*o. Suppose i - 5*z = 7, 3*i + 6*z - 78 = o*z. What is the tens digit of i?
2
Suppose 0*c - 4*o = 2*c - 9074, 4*c + 3*o - 18168 = 0. What is the tens digit of c?
4
Let z = -1 + 6. Let r(p) be the third derivative of p**4/6 - 2*p**3 + 47*p**2. What is the units digit of r(z)?
8
Suppose 6*u - 180 = 1950. Let g = u + -248. What is the hundreds digit of g?
1
Let s(j) = j**3 + 10*j**2 - 13*j - 13. Let k be s(-11). What is the tens digit of 234/24*24/k?
2
Let w(q) be the first derivative of -3*q**2 - q + 6. Let y be w(-1). Suppose 2*k - 17 = y*z, 0*z - 25 = -2*k - 3*z. What is the tens digit of k?
1
Suppose -348*o + 341*o + 8169 = 0. What is the thousands digit of o?
1
Suppose 0 = -22*r - 7889 + 66783. What is the hundreds digit of r?
6
Let a = -557 - -373. Let h = -66 - a. What is the hundreds digit of h?
1
Suppose 0 = 3*m + 4*r + 387 - 5815, -3*m + 3*r + 5421 = 0. What is the units digit of m?
8
Suppose -2*i + 4992 = 3*f, 5*i + 3*f = 7*f + 12503. What is the hundreds digit of i?
4
Let a(g) = -76*g - 47. What is the units digit of a(-9)?
7
What is the hundreds digit of -5 + 3 + (-4 - -766) + -5?
7
Let q(h) = -5*h**3 + h**2 + 2*h - 4. Let p(j) = 15*j**3 - 3*j**2 - 6*j + 12. Let y(b) = 2*p(b) + 7*q(b). What is the tens digit of y(-3)?
3
Let x = -80 + 42. Let z = 22 - x. What is the tens digit of z?
6
Let j be ((-27 - 1)/(-4))/1. Let l(m) = -6*m + 3*m**2 - 7*m**2 + j + 0 + 3*m**2. What is the units digit of l(-6)?
7
Suppose 2*v - 7*v = 5*x - 50, 0 = 4*x + 2*v - 30. Suppose -8*y + 1014 = x*y. What is the tens digit of y?
7
Let l(u) = -4*u - 6. Let a be l(-4). Let d(o) = o**2 - 10*o - 12. Let n be d(a). What is the units digit of (n/15)/((-4)/40)?
8
What is the hundreds digit of 3511 - (7 - 3)*12/(-24)?
5
Let s(f) = f**3 + 5*f**2 - 3*f + 1. Let n(p) = 2*p + 13 - p**2 - 5*p + 0*p**2. Let b be n(-6). What is the tens digit of s(b)?
1
Let d(l) = 3*l - 4. Let r be d(10). Let j = r - -5. Suppose -5*z = -4*h - 35, z + 3*h + h = j. What is the tens digit of z?
1
Suppose -3*u + 3 = -3. Suppose -2*h + 16 = u*h. What is the tens digit of (-33)/(-5)*(h - -1)?
3
Let y = -36 + 48. Let o(z) = z**3 - 11*z**2 - 10*z - 12. Let x be o(y). Suppose x = -3*w + 5*w. What is the units digit of w?
6
Let z = 17 + -23. What is the units digit of (-222)/z + 2 + 2?
1
Suppose -4*w + 324 = -268. Suppose -p - 2*o - 97 - 13 = 0, -p - 5*o - 119 = 0. Let u = w + p. What is the tens digit of u?
4
Let y(w) = 2*w + 12 - 10*w + 16*w. Let g be y(-4). What is the tens digit of ((-84)/30)/(1/g)?
5
Suppose 9*t - 640 - 5912 = 0. What is the units digit of t?
8
Let l(s) = s**3 + 3*s**2 - 13*s + 4. What is the tens digit of l(8)?
0
Let l = 1150 - 538. What is the tens digit of l?
1
What is the hundreds digit of 0 + (-76735)/(-30) - 3/(-18)?
5
Suppose 35*y = -7*y + 28014. What is the units digit of y?
7
Let l = 2354 + -1296. What is the tens digit of l?
5
Suppose -16 = 4*t, 0*t = -2*c + 2*t + 18. Suppose -2*o + 3*j - 49 = 3*o, -c*o + 5*j = 55. What is the units digit of 2*(23 + o/4)?
2
Let g = 4 + -7. Let v(w) = -w**3 + 2*w**2 + w - 4. Let j be v(g). Suppose i - 3*i + 2*l + j = 0, 3*l = -3*i + 27. What is the units digit of i?
4
Let d = -21 - -23. Suppose -m + 0 + 3 = -d*u, -5 = 3*u - m. What is the tens digit of (u/(-4))/(2/116)?
2
Let i = 703 + -502. What is the units digit of i?
1
Let y(c) = 5*c**2 - 37*c - 8. Let q(b) = 3*b**2 - 25*b - 5. Let z(n) = 8*q(n) - 5*y(n). Suppose -5*u + 2*f = 67, 2 = -f + 3. What is the tens digit of z(u)?
2
Let r be 5/10*-4 - (-2)/2. Suppose -2*n = 3*u - 6 - 17, 5*n - 26 = -3*u. Let x = u - r. What is the units digit of x?
8
Suppose 40 = -4*t - 40. What is the tens digit of 2/(-4)*-6 - t?
2
Suppose -7*x - r + 1570 = -3*x, x - 2*r - 397 = 0. What is the units digit of x?
3
What is the tens digit of 100691/255 + 4/30?
9
Suppose c = -c. Suppose c = 4*w - 741 + 189. Suppose -5*m - 33 + w = 0. What is the units digit of m?
1
Suppose 4*k = 7*k, -2*d - 3*k = -42. What is the units digit of d?
1
Let a be 53 - -3 - -3 - -4. Let u = a + -31. What is the units digit of u?
2
Suppose 4*a + 23 = 3. Let x(f) = f**2 + 5*f - 1. Let y be x(a). Let c = y + 11. What is the units digit of c?
0
Suppose -4*j - 8 = 0, 2*j + 2*j = -u + 654. What is the hundreds digit of u?
6
What is the tens digit of (-497)/142*-2*(-514)/(-7)?
1
Let r = -5 + 2. Let k(i) = i**3 + 3*i**2 - 2*i - 1. Let w be k(r). What is the units digit of 1*w/(5/9)?
9
Suppose -2*d - 2*t = -1408, -d - 4*t + 2116 = 2*d. What is the units digit of d?
0
Suppose -u + 91 = -5*o - 195, -4*o - 286 = -u. What is the units digit of u?
6
Let x(c) = 10*c**3 + 5*c**2 - 41*c + 9. What is the hundreds digit of x(5)?
1
Suppose 44*p = -2*x + 47*p + 1094, 4*x = 4*p + 2180. What is the tens digit of x?
4
Suppose -867 + 29 = -4*t - 3*w, -w = -3*t + 622. Suppose -l + 107 = 2*u - 4*l, -3*u - 5*l = -t. Let y = -36 + u. What is the units digit of y?
5
Let p(u) be the first derivative of 16*u**4/3 - u**3/6 + 12*u - 11. Let l(k) be the first derivative of p(k). What is the tens digit of l(-1)?
6
Let p(f) be the third derivative of f**4/3 - 7*f**3/3 + 6*f**2. Suppose 18 = -0*g + 3*g. What is the units digit of p(g)?
4
Let q(r) = 5*r - 2. Let x be q(20). Suppose 3*t + 5*w - x = 435, 4 = -2*w. What is the hundreds digit of t?
1
Suppose 2*m - 1008 = 11*m. Let l = m + 267. What is the hundreds digit of l?
1
Let w be (28 - 0) + 0 - 0. Let n be (-9)/6 + w/8. Suppose -55 - 83 = -n*c. What is the units digit of c?
9
Let v = 272 - 169. Suppose -2*t = -27 - v. What is the units digit of t?
5
Let n(m) = -m**2 - 4*m. Let b be n(-5). Let u be (1 - 2)*(0 + b). What is the units digit of -1*u*(-126)/30?
1
Let k = 6 - 2. Let x be (k/(-6))/(2/(-12)). Suppose -24 = -x*y - 4. What is the units digit of y?
5
Let z be 0 - -2 - ((3 - 3) + 75). Let j = z + 74. What is the units digit of j?
1
Suppose 4*q - 3*o + 5 = -2*o, -q + 4*o = 20. Suppose 5*l - 9*l + 184 = q. What is the tens digit of l?
4
Let g = -18 + 21. Suppose 5 = g*y - 1. Suppose d + 3*o = 26, -4*o = y*d + 2*d - 112. What is the tens digit of d?
2
Let o(j) = 10*j**2 + 28*j + 42. Let l(c) = 7*c**2 + 19*c + 28. Let f(u) = -7*l(u) + 5*o(u). Let i be f(-4). Suppose i*p = 26 + 50. What is the tens digit of p?
3
Suppose -27*f + 40434 = 19*f. What is the units digit of f?
9
Suppose -24*p = -7667 - 33589. What is the tens digit of p?
1
Let z = -370 - -791. What is the hundreds digit of z?
4
Let x(q) be the third derivative of -q**6/120 - q**5/12 + q**4/6 - q**3 + 5*q**2. Let j be x(-6). What is the tens digit of (j/4)/((-1)/(-18))?
2
Suppose -53*j + 81000 = -3*j. What is the hundreds digit of j?
6
Suppose -113*a = -111*a - 1798. What is the units digit of a?
9
Let p = -2116 - -3341. What is the tens digit of p?
2
Let y be (-1